 -w = -3*a - 3*r + 9, 0 = -2*a - 5*r + 391. What are the prime factors of a?
7, 29
Let m = -29 + 31. Suppose w = m*w - 77. List the prime factors of w.
7, 11
Let o(b) = 9*b**2 + 23*b + 10. Let h(d) = 4*d**2 + 12*d + 5. Let y(a) = -7*h(a) + 3*o(a). List the prime factors of y(-13).
3, 7
Let m = -30 + 47. Suppose -m*u = -19*u + 378. What are the prime factors of u?
3, 7
Let i(w) = 5*w**2 + 3 + w**3 + w - 3*w - 5*w + 13*w. Let j be i(-2). Suppose -3*v + 339 = 5*c, j*c - v = v + 211. List the prime factors of c.
3, 23
Suppose 12*u + 3*u - 1815 = 0. What are the prime factors of u?
11
Suppose d - 5*i = 312, 4*i = -3*d + 8*i + 914. What are the prime factors of d?
2, 151
Let q(a) = a**3 - 17*a**2 - a + 14. Let o be q(17). Suppose -2*w - 3*l - 2*l - 17 = 0, w + 4 = -l. What are the prime factors of (w/o)/(1/129)?
43
Let m = -21 + 30. Suppose 190 = m*r - 4*r. What are the prime factors of r?
2, 19
Let k(l) be the second derivative of 1/20*l**5 + 0 + 8*l - 7/6*l**4 + 8/3*l**3 + 17/2*l**2. List the prime factors of k(13).
2, 7
Let v = -1368 - -5260. List the prime factors of v.
2, 7, 139
Suppose c = -5*w + 850, -5*w + 963 - 113 = -5*c. Let z = w - 104. List the prime factors of z.
2, 3, 11
Let o(u) = 111*u**2 + 4*u - 6. List the prime factors of o(2).
2, 223
Let i(b) = -b**2 - 9*b - 9. Let n = 8 + -5. Suppose 2*q + n*q + 35 = 0. What are the prime factors of i(q)?
5
Let p(w) = 11*w**2 + w. Let f = -12 - -11. Let y be p(f). What are the prime factors of 6/10 - (-234)/y?
2, 3
Suppose 17*z = -68*z + 46410. List the prime factors of z.
2, 3, 7, 13
Let r(g) = -22 - 2*g + 2*g + 3*g. Suppose 0 = x + 3*o - 6, -17*x + 18*x - 3 = -4*o. List the prime factors of r(x).
23
Suppose 2*u + 3*r - 10 = 0, u - 5*r + 9 - 40 = 0. What are the prime factors of (-1 - 8 - -3)/((-2)/u)?
3, 11
Let c(r) = -30*r - 2. Let s be c(1). Let m = 82 + s. List the prime factors of m.
2, 5
Suppose 9*i - 56 = 5*i. Let y = i + 87. What are the prime factors of y?
101
Let p = -5 + 2. Let l be p/(9/(-6)) - -4. List the prime factors of (297/44)/(l/32).
2, 3
Let y(r) = -r + 35. Let w(f) = 7. Let s(v) = -11*w(v) + 2*y(v). Let u be s(3). Let c = 38 + u. What are the prime factors of c?
5
Let i be 0 + 3 - (2 + -5). Let c = 1 + i. Suppose 5*b - 139 = f, c = b - f + 6*f. List the prime factors of b.
3
Let c = -3 + -2. Suppose 3*y = 12*y - 27. List the prime factors of (14/(-1))/(y + c).
7
Let x(h) = h + 11. Let d be x(-9). What are the prime factors of (4 - d)/((-1)/(-4))?
2
Let s = 2 - 1. Let r(w) = 7*w**3 - w**2 + w. Let n be r(s). Suppose -3*c - 108 = -n*c. List the prime factors of c.
3
Suppose 4*g - 3*u = 11012, -142*g + 5*u - 2730 = -143*g. List the prime factors of g.
2, 5, 11
Suppose -3*d + 753 = 3*g, -5*d + 467 = 4*g - 786. What are the prime factors of d?
3, 83
Let b = -46 + 50. Suppose -b*j + 2*j + 80 = 2*h, 5*h - 2*j - 186 = 0. List the prime factors of h.
2, 19
Let j(r) = r + 8. Let x be j(-10). Let w be 0*4/(2*x). Suppose i + 3*i + 4*u = 36, w = -4*i - 3*u + 34. List the prime factors of i.
7
Let x = -1582 + 3361. What are the prime factors of x?
3, 593
Let b = -1615 - -6242. What are the prime factors of b?
7, 661
Let r(u) = -u**3 + 28*u**2 - 52*u - 28. Let z be r(25). Suppose -z = 10*y - 2537. What are the prime factors of y?
199
Let m = 31 - 28. Suppose -3*y + 18 = m*w, 3*w - 29 = -w - 3*y. List the prime factors of w.
11
Suppose 7*o = -5*q + 1438, -5*q + 3*o + 1449 = -o. What are the prime factors of q?
17
Let j = -1 + 1. Suppose 2*h + 10*c - 9*c - 55 = 0, 25 = 2*h - 5*c. Suppose -z + 78 = 2*m - 2*z, j = -m + 4*z + h. What are the prime factors of m?
41
Let i(u) = 97*u**2 + u + 2. Suppose -2*d = 2*v + 2, -d - 3*v - 2*v - 1 = 0. What are the prime factors of i(d)?
2, 7
Suppose -5*a = -4*s - 1 - 8, -22 = -3*s - 2*a. Suppose -3*i = -s*r - 8, 3*r = -i + 10 - 3. What are the prime factors of (-10 - 7)/(0 - r)?
17
Let u = -18 + 21. Suppose 2 = -2*b + u*b. Suppose 0 = q + b - 27. What are the prime factors of q?
5
Let l(h) = h**3 + 40*h**2 + 8*h - 106. List the prime factors of l(-38).
2, 3, 7, 59
Suppose 0*k + k - 46 = 0. Suppose b - k = 19. What are the prime factors of b?
5, 13
Let s be ((-60)/10)/(3/2). Let x be ((-28)/(-3))/(s/(-12)). List the prime factors of x/(4/1) - -1.
2
Let i be (-21)/(-6) + (-9)/6. Let k = 5 - i. Suppose 0*d = k*d - 27. What are the prime factors of d?
3
Let x(z) = -z**3 + 4*z**2 + 6*z - 1. Let d(w) = -w + 1. Let j be d(-4). Let v be x(j). Suppose -k + 2 = -v. What are the prime factors of k?
2, 3
Suppose z = -2*a - 0*a - 23, -a - 4 = 2*z. Let b = a - -21. What are the prime factors of b?
7
Suppose -36*f = -5*g - 33*f + 6704, 3*f = g - 1348. What are the prime factors of g?
13, 103
Suppose 8*t - 8427 - 10141 = 0. List the prime factors of t.
11, 211
Let w = -1017 + 1721. What are the prime factors of w?
2, 11
Let b(j) = -j**2 - 10*j + 12. Let h(r) = r - 6. Let v be h(12). Let f = -1 - v. What are the prime factors of b(f)?
3, 11
Let w = 800 - 528. What are the prime factors of w?
2, 17
Suppose 0*y = -2*y - 10. Let l = y + 10. Suppose -164 = -l*j - 44. List the prime factors of j.
2, 3
Let l = -318 + 320. Let i(v) be the second derivative of 23*v**3/6 - 5*v**2/2 + v. What are the prime factors of i(l)?
41
Let z(m) = m - 19. Let w be z(9). Let t = 18 + w. Let q = 24 + t. What are the prime factors of q?
2
Suppose 0 = 2*g - 3*g - 106. Let d = g + 208. Suppose x + d = 4*x. List the prime factors of x.
2, 17
Suppose 6*r - 3*r = 87. Let a = 42 - r. What are the prime factors of a?
13
Suppose 2*w = -4*n + 40, n = -0*n + 3*w + 17. Let k be 46/n + 20/(-110). Suppose -4*a - a = r - k, 5*r - 107 = 4*a. What are the prime factors of r?
19
Suppose 31*x - 34*x = 438. Suppose -5*g = -5*p + 420, 0 = -4*g + 2*p + 3*p - 335. Let f = g - x. What are the prime factors of f?
61
Let p = 7 + -5. Suppose p*l - 18 = 2*m, -l + 9*m = 4*m - 25. Suppose -2*u - 38 = l*a - 117, 4*a + 4*u - 56 = 0. What are the prime factors of a?
17
List the prime factors of 1 + 2291 + 2 + -10.
2, 571
Suppose -10183 = -19*b + 18697. What are the prime factors of b?
2, 5, 19
Let j be 63/6*16/3. Suppose -r + j = 2*m, -269 = -4*r - 2*m + 3*m. What are the prime factors of r?
2, 3, 11
Let c(x) = x**3 + 7*x**2 + x + 7. Let y be c(-7). Suppose -2*o + 3*z = -103, -5*o + y*z = -3*z - 253. What are the prime factors of o?
2, 5
Suppose -2748 + 704 = 4*f + 4*s, 4*f - 2*s = -2068. Let t = -353 - f. What are the prime factors of t?
2, 3
Let y = 32 + -7. Suppose -y = -2*t + t. Suppose 0 = -i + 14 + t. What are the prime factors of i?
3, 13
Let w = -30 - -8. List the prime factors of (5 + 2*-1)*w/(-3).
2, 11
Suppose -23*u - 18 = -26*u. Suppose -330 = -3*k + u*a - a, 0 = 5*k - 4*a - 550. What are the prime factors of k?
2, 5, 11
Suppose 1 = -5*k + 21. Suppose -2*x = -x - 2. Suppose -2*z - k*p - x - 4 = 0, -3*p - 36 = -3*z. What are the prime factors of z?
7
Let p = 343 - 164. Let v = p - 49. List the prime factors of v.
2, 5, 13
Let q be -1 + 5*(-2)/(-1). Let a(t) = -t**3 + 10*t**2 - 6*t - 10. List the prime factors of a(q).
17
Suppose -276 = -0*w + 4*w. What are the prime factors of (2/2)/((-3)/w)?
23
Suppose 2*l + 7*u = 5*u + 658, 4*l = -2*u + 1326. What are the prime factors of l?
2, 167
Suppose -2*s - 2*s = -1680. Suppose -19*w + 15*w = -s. List the prime factors of w.
3, 5, 7
Let a be (1 + -2)/(2/(-102)). Let g be -6*((-12)/8 - -2). List the prime factors of (-3)/((-9)/a) - g.
2, 5
Let s(v) = -2*v**2 + 25*v - 33. Let d(u) = -u**2 + 12*u - 17. Let r(i) = 5*d(i) - 3*s(i). What are the prime factors of r(17)?
2, 3
Let g(k) = 59*k - 27. What are the prime factors of g(5)?
2, 67
Let m(x) = -513*x - 50. List the prime factors of m(-2).
2, 61
Suppose -c + 4*c = 75. Let a = 42 - c. What are the prime factors of a?
17
Let g be -2*(-6)/(3 + 0). Let o be -12 - (g + (3 - 7)). Let i = -3 - o. What are the prime factors of i?
3
Let w = 163 + 218. List the prime factors of w.
3, 127
Let y = -536 - -765. Suppose 0 = 2*a - y - 163. List the prime factors of a.
2, 7
Suppose -6*b - 3043 = -q - 5*b, 5*b = 4*q - 12167. What are the prime factors of q?
2, 3, 127
Suppose -84000 = -9*l - 7*l. What are the prime factors of l?
2, 3, 5, 7
Let d = -310 + 186. Let g = d + 209. Suppose 0*q - g = -5*q. What are the prime factors of q?
17
Suppo